 highest common divisor of a and 91?
13
Let n = 9291 + -4951. Calculate the highest common divisor of 280 and n.
140
Let p = 2013 + 465. What is the greatest common divisor of p and 42?
42
Suppose -4*r + 4*a - 156 = -44, 0 = -5*r - 3*a - 180. Let g = -19 - r. Let x = g + 8. Calculate the greatest common factor of x and 55.
11
Suppose 0 = t - 6, 2639 = -3*s - t + 10082. Calculate the highest common divisor of 74 and s.
37
Suppose 2*g - 109 = -p, 3*g + 2*p + 7 = 173. Let s be (-563)/(-2) + ((-100)/120 - 112/(-21)). Calculate the highest common factor of g and s.
26
Suppose -t + 15 = -6*t, 0 = -4*i - 5*t + 9. Suppose 34 = 4*u - i. Suppose 18*p - 33*p = -450. What is the highest common factor of p and u?
10
Let a = 23583 - 23531. What is the highest common factor of a and 26156?
52
Suppose -23166*d = -23151*d - 345. Let o(t) = 3*t**2 - 6*t - 1. Let r be o(7). Let i = r - 12. Calculate the greatest common factor of i and d.
23
Suppose y - 2 = 16. Let b(i) = i**2 - i - 36. Let g be b(-6). Suppose 3*c - 18 = -g*c. Calculate the greatest common factor of y and c.
2
Suppose 5*n - 4*h = 15 + 12, -4*n + 30 = h. Let q be 7 + n/((-28)/(-48)). What is the highest common divisor of 76 and q?
19
Let a = -229 + 130. Let d be ((-513)/a - (-4)/(-22)) + 4. Calculate the greatest common divisor of d and 234.
9
Let i = 8 + 55. Let n(z) = 3*z**2 + 40*z + 114. Let a be n(-3). Calculate the greatest common factor of i and a.
21
Let i be 27*-7*(-2)/(-1)*(-33)/99. What is the greatest common factor of i and 658?
14
Let b = 49 + -21. Let y(r) = 312*r**3 + 3*r**2 - 4*r + 4. Let l be y(1). Let f = 511 - l. Calculate the greatest common divisor of b and f.
28
Let j = 2844 - 2831. Let m(n) = n**2 - 3. Let b be m(2). Calculate the highest common divisor of j and b.
1
Let p be (-2)/4*14/2*-2. Let q be (195/p)/5*7. What is the greatest common divisor of 208 and q?
13
Let m = -4217 - -4257. What is the highest common divisor of 192 and m?
8
Let n = -5965 + 6823. What is the highest common factor of n and 8866?
286
Suppose 5 = q, 4*k + q - 33 = 24. Let w(l) = 7*l**3 - 3*l**2 - 6*l + 1. Let h be w(4). Calculate the greatest common divisor of h and k.
13
Suppose 22 = 7*l - 6. Suppose -3*f = -l*b - 117, 3*f + 2*b - 7*b = 117. Let y be 1260/49 - 2/(-7). Calculate the greatest common factor of f and y.
13
Suppose 24 = 100*f - 14*f - 1610. Let c = 151 + 1. What is the highest common divisor of f and c?
19
Suppose 0 = -0*b - 10*b + 80. Suppose t + 13 = 4*s - 2*s, s = 2*t + b. Calculate the highest common divisor of 3 and s.
3
Suppose -2*v + 8 = 2*v, -2*j + 3*v = 0. Suppose j*q + l - 15 = 0, 5*l = 3*q + 2*q - 5. Suppose -4*f = -9*f + 5. Calculate the highest common divisor of f and q.
1
Let y = -11271 - -11310. What is the highest common divisor of 1261 and y?
13
Suppose 12*v - 10*v + 92 = 2*y, y + v = 38. Suppose -b = 5*p - 147, -5*b - 11*p + 6*p = -735. Calculate the greatest common factor of b and y.
21
Suppose -8*p + 48 = -20*p. Let z be -3422*(-5)/95 - p/(-38). What is the greatest common factor of z and 27?
9
Suppose 0 = -4*y + 28, -62*g - 4*y - 2996 = -66*g. What is the highest common divisor of 168 and g?
84
Let t(m) = 7*m**3 - 19*m**2 + 9*m + 5. Let d be t(3). What is the highest common divisor of d and 20?
10
Suppose a + h + 55 = 79, -h - 39 = -2*a. Calculate the highest common divisor of a and 264.
3
Let d be (-26)/(-234) + 1883/63. Calculate the greatest common factor of 1360 and d.
10
Suppose -5*k = 842 - 892. Let r be (-25)/k*(-2 + 0) + 787. Calculate the greatest common divisor of 24 and r.
24
Let r = -698 + 859. Let n be 22 + 5*2/10. What is the highest common factor of n and r?
23
Let i = -181 - -186. Suppose 4 = 3*x + i*c, x - 6*c + 2*c = 7. What is the highest common divisor of 1 and x?
1
Let d = 12 - 8. Suppose -224908 = 179*n - 226340. Calculate the highest common divisor of n and d.
4
Suppose 2*z = -0*z - g + 3, 18 = 4*z - 2*g. Suppose -5*m - 23 = o, z*o + 168 = -o - m. Let u = o - -72. What is the greatest common divisor of 58 and u?
29
Let c be 62 + (258/(-172))/((-15)/100). Let m = 4 + 14. What is the greatest common factor of m and c?
18
Suppose 10*i + 130*i - 2940 = 0. Suppose 0*f + 2*b + 23 = f, 81 = 4*f + 3*b. Calculate the greatest common divisor of i and f.
21
Let y be 296/3*15/4. Let h(u) = -u**3 + 15*u**2 - 10*u - 46. Let g be h(14). Calculate the greatest common factor of g and y.
10
Let z be 9 - 12/3 - 0. Let m(d) = 14*d + 1 - 5 - z*d + 11*d. Let c be m(10). Calculate the greatest common factor of 28 and c.
28
Let q be (182/(-62) - 118/1829)*318/(-9). Calculate the greatest common factor of q and 28.
2
Let h = -462 - -837. Calculate the highest common divisor of h and 3500.
125
Let n = 391 + -369. Suppose 4*m - 8 = -5*g, -2*m + 2*g + 8 = 2*m. What is the greatest common factor of n and m?
2
Let p be (-12)/84 + 1212/7 - 2. Suppose a - 10*a = -p. What is the highest common divisor of 152 and a?
19
Let v(y) = -2*y**3 - 10*y**2 - 26*y + 10. Let g be v(-5). What is the greatest common factor of g and 56?
28
Let k(w) = 2*w + 18. Let y = -139 + 135. Let d be k(y). Calculate the highest common factor of 40 and d.
10
Suppose 0 = i, -6*i + i = 5*m. Let u(z) = z**2 - 11*z + 16. Let w be u(m). What is the greatest common factor of 208 and w?
16
Suppose 126*x - 7113 - 14885 = -1082. What is the greatest common factor of 21829 and x?
83
Let a be (-4644)/(-32) - (-7)/(-56). Let l = a + -64. Let p = 188 + -134. What is the greatest common factor of p and l?
27
Let u be (860/(-40))/(4/(160/15)*2/(-3)). Suppose t + t - r - 278 = 0, 3*r - 417 = -3*t. Suppose t - 10 = 3*y. Calculate the highest common factor of u and y.
43
Let k be -3 - -7 - 5 - (-1 - -4). Let y be (-4 + (k - 3))/(-1). Suppose -3*h = -22 - y. What is the highest common divisor of h and 22?
11
Let a = -2731 - -2875. What is the greatest common divisor of 45 and a?
9
Suppose -126*i = -135*i - 54. Let x be (i/(-8))/((-46)/(-45080)). What is the greatest common factor of 35 and x?
35
Let x(t) = 15*t - 2. Let y be x(1). Let n be (-14 + 9)*((-24)/(-15))/4. Let d be 996/(-9)*-2 - n/(-6). What is the highest common factor of d and y?
13
Let c(q) = q**2 + 6*q + 9. Let y be c(-6). Let r be 1/(y/(-6))*(-240)/10. Calculate the greatest common divisor of r and 16.
16
Suppose -6174 = -162*c + 15*c. What is the highest common factor of c and 42?
42
Let r be (-26)/(-143) - 91068/(-66). What is the highest common divisor of 138 and r?
138
Let s be (204/21)/((-32)/(-112)). Let h = 5 + 2. Let q(b) = 2*b + 3. Let n be q(h). What is the highest common divisor of s and n?
17
Let o(g) = -g**3 + 40*g**2 - 50*g - 76. Let z be o(38). Let j = 806 - 768. Calculate the greatest common factor of j and z.
38
Let a(d) = 2*d - 1. Let y(k) = -7*k**2 - 24*k + 34. Let v(x) = -14*a(x) - 2*y(x). Let q be v(9). What is the highest common divisor of q and 63?
63
Suppose 110 = -4*q + 166. Suppose -q*k + 76 = -13*k. Calculate the greatest common divisor of 304 and k.
76
Let z(l) = l**3 + 11*l**2 + 169*l + 1939. Let f be z(-11). Calculate the highest common factor of f and 75.
5
Let u = 788 + -455. Let q be (-5)/(-10) + 219/6 + 0. Calculate the greatest common factor of u and q.
37
Suppose -12*v - 3582 = -21*v. Let k = v + -394. Calculate the highest common divisor of 64 and k.
4
Let b be -2 + 0 + 5 - (-39)/3. Calculate the greatest common divisor of 76 and b.
4
Let f be 2 + (-2)/2 - -23. Let k(m) = -588*m - 3424. Let w be k(-6). What is the highest common divisor of f and w?
8
Suppose 35*z - 670 = 30*z. Suppose 2*n = -3*m + 78, -m - 3*m = -3*n + z. Calculate the greatest common divisor of n and 28.
14
Suppose -56*u + 115104 = -23*u. Calculate the highest common factor of u and 24.
8
Let n be (-17199)/(-189)*11/7. Calculate the highest common factor of n and 99.
11
Let v be (-147)/2205*(-1 + 3) - (-88204)/30. Calculate the highest common factor of 1666 and v.
98
Let o(g) = 2*g + 52. Suppose 2*p + 2*p + 72 = -5*m, 0 = -4*m - p - 51. Let y be o(m). What is the highest common factor of y and 28?
28
Suppose -4*v + 398 = -286. Let g = 0 + 9. Calculate the highest common divisor of v and g.
9
Let s = -43182 + 43193. Let o be (-1 - -1)/(4/(-4)). Let f be o + (-4)/(-2) + 53. What is the highest common divisor of f and s?
11
Let w be (12 + -8 + -2)/((-